{"id":2,"date":"2015-08-04T12:26:51","date_gmt":"2015-08-04T12:26:51","guid":{"rendered":"http:\/\/wp424m.a10-52-158-154.qa.plesk.ru\/wordpress\/?page_id=2"},"modified":"2025-02-14T11:23:08","modified_gmt":"2025-02-14T11:23:08","slug":"home","status":"publish","type":"page","link":"https:\/\/ladyedelweiss.de\/","title":{"rendered":"HOME"},"content":{"rendered":"<div id=\"pl-2\"  class=\"panel-layout\" ><div id=\"pg-2-0\"  class=\"panel-grid panel-has-style\" ><div class=\"siteorigin-panels-stretch panel-row-style panel-row-style-for-2-0\" data-stretch-type=\"full-width-stretch\" ><div id=\"pgc-2-0-0\"  class=\"panel-grid-cell panel-grid-cell-empty\" ><\/div><div id=\"pgc-2-0-1\"  class=\"panel-grid-cell panel-grid-cell-mobile-last\" ><div id=\"panel-2-0-1-0\" class=\"so-panel widget widget_sow-slider panel-first-child panel-last-child\" data-index=\"0\" ><div class=\"slider1 panel-widget-style panel-widget-style-for-2-0-1-0\" ><div\n\t\t\t\n\t\t\tclass=\"so-widget-sow-slider so-widget-sow-slider-default-f8e9b2e74091-2\"\n\t\t\t\n\t\t>\t\t\t\t<div class=\"sow-slider-base\" style=\"display: none\" tabindex=\"0\">\n\t\t\t\t\t<ul\n\t\t\t\t\tclass=\"sow-slider-images\"\n\t\t\t\t\tdata-settings=\"{&quot;pagination&quot;:true,&quot;speed&quot;:800,&quot;timeout&quot;:4000,&quot;paused&quot;:false,&quot;pause_on_hover&quot;:false,&quot;swipe&quot;:true,&quot;nav_always_show_desktop&quot;:&quot;&quot;,&quot;nav_always_show_mobile&quot;:&quot;&quot;,&quot;breakpoint&quot;:&quot;780px&quot;,&quot;unmute&quot;:false,&quot;anchor&quot;:null}\"\n\t\t\t\t\t\t\t\t\t\tdata-anchor-id=\"\"\n\t\t\t\t>\t\t<li class=\"sow-slider-image\" style=\"visibility: visible;\" >\n\t\t\t\t\t\t<img loading=\"lazy\" decoding=\"async\" width=\"1200\" height=\"400\" src=\"https:\/\/ladyedelweiss.de\/wp-content\/uploads\/2021\/02\/Slider-Tasche-1-weiss.jpg\" class=\"sow-slider-background-image\" alt=\"\" style=\"\" srcset=\"https:\/\/ladyedelweiss.de\/wp-content\/uploads\/2021\/02\/Slider-Tasche-1-weiss.jpg 1200w, https:\/\/ladyedelweiss.de\/wp-content\/uploads\/2021\/02\/Slider-Tasche-1-weiss-300x100.jpg 300w, https:\/\/ladyedelweiss.de\/wp-content\/uploads\/2021\/02\/Slider-Tasche-1-weiss-1024x341.jpg 1024w, https:\/\/ladyedelweiss.de\/wp-content\/uploads\/2021\/02\/Slider-Tasche-1-weiss-768x256.jpg 768w, https:\/\/ladyedelweiss.de\/wp-content\/uploads\/2021\/02\/Slider-Tasche-1-weiss-250x83.jpg 250w\" sizes=\"auto, (max-width: 1200px) 100vw, 1200px\" \/>\t\t<\/li>\n\t\t\t\t<li class=\"sow-slider-image\" style=\"visibility: hidden;\" >\n\t\t\t\t\t\t<img loading=\"lazy\" decoding=\"async\" width=\"1200\" height=\"400\" src=\"https:\/\/ladyedelweiss.de\/wp-content\/uploads\/2021\/02\/Slider-Tasche-2-weiss.jpg\" class=\"sow-slider-background-image\" alt=\"\" style=\"\" srcset=\"https:\/\/ladyedelweiss.de\/wp-content\/uploads\/2021\/02\/Slider-Tasche-2-weiss.jpg 1200w, https:\/\/ladyedelweiss.de\/wp-content\/uploads\/2021\/02\/Slider-Tasche-2-weiss-300x100.jpg 300w, https:\/\/ladyedelweiss.de\/wp-content\/uploads\/2021\/02\/Slider-Tasche-2-weiss-1024x341.jpg 1024w, https:\/\/ladyedelweiss.de\/wp-content\/uploads\/2021\/02\/Slider-Tasche-2-weiss-768x256.jpg 768w, https:\/\/ladyedelweiss.de\/wp-content\/uploads\/2021\/02\/Slider-Tasche-2-weiss-250x83.jpg 250w\" sizes=\"auto, (max-width: 1200px) 100vw, 1200px\" \/>\t\t<\/li>\n\t\t\t\t<li class=\"sow-slider-image\" style=\"visibility: hidden;\" >\n\t\t\t\t\t\t<img loading=\"lazy\" decoding=\"async\" width=\"1200\" height=\"400\" src=\"https:\/\/ladyedelweiss.de\/wp-content\/uploads\/2021\/02\/Slider-Tasche-3-weiss.jpg\" class=\"sow-slider-background-image\" alt=\"\" style=\"\" srcset=\"https:\/\/ladyedelweiss.de\/wp-content\/uploads\/2021\/02\/Slider-Tasche-3-weiss.jpg 1200w, https:\/\/ladyedelweiss.de\/wp-content\/uploads\/2021\/02\/Slider-Tasche-3-weiss-300x100.jpg 300w, https:\/\/ladyedelweiss.de\/wp-content\/uploads\/2021\/02\/Slider-Tasche-3-weiss-1024x341.jpg 1024w, https:\/\/ladyedelweiss.de\/wp-content\/uploads\/2021\/02\/Slider-Tasche-3-weiss-768x256.jpg 768w, https:\/\/ladyedelweiss.de\/wp-content\/uploads\/2021\/02\/Slider-Tasche-3-weiss-250x83.jpg 250w\" sizes=\"auto, (max-width: 1200px) 100vw, 1200px\" \/>\t\t<\/li>\n\t\t<\/ul>\t\t\t\t<ol class=\"sow-slider-pagination\">\n\t\t\t\t\t\t\t\t\t\t\t<li><a href=\"#\" data-goto=\"0\" aria-label=\"Display slide 1\"><\/a><\/li>\n\t\t\t\t\t\t\t\t\t\t\t<li><a href=\"#\" data-goto=\"1\" aria-label=\"Display slide 2\"><\/a><\/li>\n\t\t\t\t\t\t\t\t\t\t\t<li><a href=\"#\" data-goto=\"2\" aria-label=\"Display slide 3\"><\/a><\/li>\n\t\t\t\t\t\t\t\t\t<\/ol>\n\n\t\t\t\t<div class=\"sow-slide-nav sow-slide-nav-next\">\n\t\t\t\t\t<a href=\"#\" data-goto=\"next\" aria-label=\"Next slide\" data-action=\"next\">\n\t\t\t\t\t\t<em class=\"sow-sld-icon-ultra-thin-right\"><\/em>\n\t\t\t\t\t<\/a>\n\t\t\t\t<\/div>\n\n\t\t\t\t<div class=\"sow-slide-nav sow-slide-nav-prev\">\n\t\t\t\t\t<a href=\"#\" data-goto=\"previous\" aria-label=\"Previous slide\" data-action=\"prev\">\n\t\t\t\t\t\t<em class=\"sow-sld-icon-ultra-thin-left\"><\/em>\n\t\t\t\t\t<\/a>\n\t\t\t\t<\/div>\n\t\t\t\t<\/div><\/div><\/div><\/div><\/div><div id=\"pgc-2-0-2\"  class=\"panel-grid-cell panel-grid-cell-empty\" ><\/div><\/div><\/div><div id=\"pg-2-1\"  class=\"panel-grid panel-has-style\" ><div class=\"siteorigin-panels-stretch panel-row-style panel-row-style-for-2-1\" data-stretch-type=\"full\" ><div id=\"pgc-2-1-0\"  class=\"panel-grid-cell\" ><div id=\"panel-2-1-0-0\" class=\"so-panel widget widget_black-studio-tinymce widget_black_studio_tinymce panel-first-child panel-last-child\" data-index=\"1\" ><div class=\"textwidget\"><h3 style=\"text-align: right;\"><\/h3>\n<h3 style=\"text-align: left;\"><strong>Ein herzliches Gr\u00fc\u00df Gott bei Lady Edelweiss\u00a0<\/strong><\/h3>\n<p>Entdecken Sie jetzt die neuen Trachtentaschen von Lady Edelweiss.<\/p>\n<p>Ob elegant, detailverliebt oder au\u00dfergew\u00f6hnlich. Lady Edelweiss ist immer aktuell und bietet hochwertige Trachtentaschen im aktuellen und zeitlosen Look f\u00fcr jeden Anlass.<\/p>\n<p>Als Produzent verkaufen wir unsere Produkte an den Einzelhandel.<\/p>\n<p>Wenn Sie unsere Produkte in Ihrem\u00a0Gesch\u00e4ft\u00a0anbieten wollen, bitten wir Sie, sich mit uns in\u00a0<span style=\"color: #0000ff;\"><strong><a style=\"color: #0000ff;\" href=\"http:\/\/wp.ladyedelweiss.de\/?page_id=40\"><span style=\"color: #3366ff;\">Verbindung<\/span><\/a><\/strong><\/span>\u00a0zu setzen.<\/p>\n<p>&nbsp;<\/p>\n<p>&nbsp;<\/p>\n<\/div><\/div><\/div><\/div><\/div><\/div>","protected":false},"excerpt":{"rendered":"<p>Ein herzliches Gr\u00fc\u00df Gott bei Lady Edelweiss\u00a0 Entdecken Sie jetzt die neuen Trachtentaschen von Lady Edelweiss. Ob elegant, detailverliebt oder au\u00dfergew\u00f6hnlich. Lady Edelweiss ist immer aktuell und bietet hochwertige Trachtentaschen im aktuellen und zeitlosen Look f\u00fcr jeden Anlass. Als Produzent verkaufen wir unsere Produkte an den Einzelhandel. Wenn Sie unsere Produkte in Ihrem\u00a0Gesch\u00e4ft\u00a0anbieten wollen, bitten &#8230; <a title=\"HOME\" class=\"read-more\" href=\"https:\/\/ladyedelweiss.de\/\" aria-label=\"Mehr Informationen \u00fcber HOME\">Weiterlesen<\/a><\/p>\n","protected":false},"author":5,"featured_media":0,"parent":0,"menu_order":1,"comment_status":"closed","ping_status":"closed","template":"","meta":{"footnotes":""},"class_list":["post-2","page","type-page","status-publish"],"_links":{"self":[{"href":"https:\/\/ladyedelweiss.de\/index.php?rest_route=\/wp\/v2\/pages\/2","targetHints":{"allow":["GET"]}}],"collection":[{"href":"https:\/\/ladyedelweiss.de\/index.php?rest_route=\/wp\/v2\/pages"}],"about":[{"href":"https:\/\/ladyedelweiss.de\/index.php?rest_route=\/wp\/v2\/types\/page"}],"author":[{"embeddable":true,"href":"https:\/\/ladyedelweiss.de\/index.php?rest_route=\/wp\/v2\/users\/5"}],"replies":[{"embeddable":true,"href":"https:\/\/ladyedelweiss.de\/index.php?rest_route=%2Fwp%2Fv2%2Fcomments&post=2"}],"version-history":[{"count":63,"href":"https:\/\/ladyedelweiss.de\/index.php?rest_route=\/wp\/v2\/pages\/2\/revisions"}],"predecessor-version":[{"id":3581,"href":"https:\/\/ladyedelweiss.de\/index.php?rest_route=\/wp\/v2\/pages\/2\/revisions\/3581"}],"wp:attachment":[{"href":"https:\/\/ladyedelweiss.de\/index.php?rest_route=%2Fwp%2Fv2%2Fmedia&parent=2"}],"curies":[{"name":"wp","href":"https:\/\/api.w.org\/{rel}","templated":true}]}}